e?
False
Suppose 0 = -2*p - 5*b - 15, -5*p - 4*b = 5 + 7. Let i be (p + 3)/((-3)/22). Let m = 45 - i. Is m composite?
False
Let a be -2*1 + 2384 + (10 - 12). Let w = a + -739. Is w a prime number?
False
Suppose 0 = k + f - 26742, 15*k - 17*k + 53469 = -f. Is k a composite number?
False
Let r(g) be the second derivative of -8*g**3/3 - 13*g**2/2 + 10*g - 2. Is r(-14) prime?
True
Suppose 5*j - 10*j = -20. Let x be (3 - (j - 6)) + -2. Suppose -7*m + x*m = 0, -4*m = -2*t + 518. Is t prime?
False
Let x = -10 + 15. Is ((-1306)/8)/(x/(-20)) prime?
True
Let x(z) = z - 16. Let g be x(21). Suppose g*f = -0*f + 3995. Is f a composite number?
True
Let x be 36/9*(-26)/8. Let w(j) = 6*j**2 - 15*j + 10. Is w(x) prime?
False
Suppose 4*k - 519 = -3*p, -5*k + 485 + 135 = -2*p. Suppose 0 = 5*v - 19 - 21. Suppose -3*i + 5*g + 187 = v, k = 2*i - 5*g. Is i prime?
True
Let s = 70590 - 43759. Is s a prime number?
False
Let m be (4 - 3)/(((-12)/8)/(-3)). Suppose j - 417 = -2*h + 266, -1369 = -m*j - h. Is j a composite number?
True
Let i(m) = -28*m - 15. Let w(o) = 9*o + 5. Let f(l) = -6*i(l) - 17*w(l). Is f(6) a prime number?
False
Let t be 0 + (-3 + -4 - -4). Let v = 30 - t. Is v composite?
True
Is 3 + 42/(-18) + 5791/3 prime?
True
Suppose 6*j - 4795 - 7097 = 0. Is j prime?
False
Suppose 284*u - 793598 = 258*u. Is u prime?
False
Let y = 224 + -161. Suppose -413 = -4*l - 61. Let a = l - y. Is a prime?
False
Suppose -6 = 4*g + 10. Let m = g - -8. Suppose 9*l - m*l - 65 = 0. Is l a composite number?
False
Is (-1*(-2)/(-6))/((-70)/2104410) prime?
False
Let i = 335 - 167. Suppose -10507 = -7*q - i. Is q a composite number?
True
Let z = 7 - 8. Is (z/2)/(3/(-4530)) composite?
True
Suppose 2*v - v - 865 = 0. Suppose v = 11*x - 16*x. Let b = -116 - x. Is b a prime number?
False
Let l(r) be the second derivative of r**5/20 + 3*r**4/2 + 17*r**3/6 - 19*r**2/2 + 5*r. Is l(-16) a prime number?
False
Suppose 2 = 21*f - 20*f. Suppose -2*d = f*r - 684, -1135 = -4*r - d + 218. Is r composite?
False
Let w be (2 - (-4)/(-4))*7. Let k = w + 37. Let n = k + 11. Is n a prime number?
False
Suppose -h - m = -4, 0*m = -2*h + 4*m + 2. Suppose k + h + 2 = -p, -5*k - 4*p = 22. Is ((-2)/k)/((-2)/(-118)) prime?
True
Suppose -d = -3, 2*d + 2247 = -2*i - i. Let h = i - -1142. Is h a prime number?
False
Is -10 + 1092 + 6 + -1 a composite number?
False
Suppose 0 = -d - 2*k, -d + 2*d = 5*k + 14. Suppose 4*q - q + 12 = 0, -3*l + d*q = -769. Is l a composite number?
False
Suppose 3*g - 3 = -0. Let c = 3 - g. Let n = c + 19. Is n a composite number?
True
Let d(p) = 19*p**2 - 43*p + 215. Is d(6) a prime number?
True
Let s(d) = d**3 - 14*d**2 + 14*d - 4. Let w be s(13). Let r(t) = 34*t**2 - 25. Is r(w) a composite number?
False
Let t(n) be the second derivative of -n**5/20 - n**4/12 + 5*n**3/3 - 3*n**2/2 + 5*n. Is t(-10) prime?
True
Let n be ((-212)/(-14))/(5/35). Let h = n - -159. Is h a composite number?
True
Let y(u) be the third derivative of u**4/24 + 37*u**3/3 - 14*u**2. Let l be (-4)/(-6) + 4/(-6). Is y(l) composite?
True
Is 1*(-10)/((-50)/44515) composite?
True
Let n = 10994 + -7285. Is n a composite number?
False
Let f be (0 + 15)*12/36. Suppose -3*z - f*u + 763 = z, 362 = 2*z - 4*u. Is z composite?
True
Suppose 4*d + j = -2*j + 16, -13 = -d - 3*j. Suppose 3 + d = 2*b. Suppose 18 = n - 3*o + 6*o, -b*n = -o - 15. Is n composite?
True
Let j = 1 - -7. Let w = -8 + j. Suppose w = 3*z - z + 10, -5*a - z = -165. Is a a prime number?
False
Let u be 1754 + ((-3)/6 - (-1)/2). Suppose 4*d - j + 0*j = 3508, -3*j = -2*d + u. Is d composite?
False
Suppose 7*x + 749 = 8*x. Is 8/4 + x + 0 composite?
False
Let w = 1190 - 451. Suppose 2*k - w = -3*m, 5*k = 3*m + 401 + 1394. Is 2/4 - k/(-4) prime?
False
Suppose -10 = -4*c - 22. Suppose 4*o - 2*n = -32, -3*n = 5*o - o + 52. Is o/(-15) - 640/c prime?
False
Let k(d) be the third derivative of d**6/40 - d**5/15 - d**4/24 + d**3/2 - 99*d**2 - 2. Let x be (-4*1)/(2/(-2)). Is k(x) a composite number?
False
Let c(b) = -2*b**2 - 38 + 41 - 39*b**3 + 3*b**2. Is c(-2) prime?
False
Suppose -4027 = 9*a - 8*a. Let p = a - -6044. Is p prime?
True
Suppose 2*a = 3*u - 300, 2*u - a - 201 = -0*u. Let o = -223 + u. Let n = o + 176. Is n prime?
False
Suppose 33865 + 18166 = 7*k. Is k prime?
True
Let b(u) = u**3 + 56*u**2 + 55*u + 397. Is b(-36) composite?
False
Let p(c) = -14*c + 27 - 6 - 52*c - 1. Let d be p(-11). Suppose 2*a - a = 3*m + d, 4*m = 4*a - 2992. Is a prime?
False
Suppose -6*f + 2503 = -1445. Let n = 4 + -3. Is f/8 + n/(-4) prime?
False
Suppose 15 = -5*r + 5*a, 3*r + 6*a - 26 = 2*a. Suppose 0*j = -r*j - 42. Is (-3)/(-6)*j*-2 prime?
False
Suppose 3*s = 1411 - 403. Suppose 0*v = -5*v + 2*w + 417, w = 4*v - s. Is v a composite number?
True
Let l(r) = 3*r**2 + 7*r - 15. Is l(-7) composite?
False
Let j(s) = -216*s + 9. Suppose 10 = 3*q - q. Let a(p) = -108*p + 5. Let d(h) = q*a(h) - 2*j(h). Is d(-7) prime?
False
Let o(b) = b**3 + 4*b**2 + 5*b. Let z(n) = -n. Let u(g) = o(g) + 3*z(g). Let m be u(-3). Suppose 3*p - m*t - 90 = 0, p + 94 = 4*p + t. Is p a prime number?
True
Let k = 1434 - -270. Let u = k - 1031. Is u a composite number?
False
Let y(x) = -x**2 + 14*x + 17167. Is y(0) prime?
True
Let g = -63100 + 89603. Is g composite?
True
Suppose 3*m - 4 = 5*m + 5*v, 3*m - 4*v - 17 = 0. Suppose 397 = m*g - 2768. Is g a prime number?
False
Suppose -5*k + 5*r = 3*r - 28783, -5*k = 4*r - 28759. Is k a composite number?
True
Let y(s) = 28*s**2 - 72*s + 7. Is y(6) a prime number?
False
Suppose -2*h + 7 = -1. Let b(z) = 93*z**2 + 3*z + 1. Is b(h) prime?
False
Suppose 0 = 5*u - 4*i - 34 - 116, u - 2*i = 30. Let v be ((-26)/39)/((-4)/u). Suppose -2*m + 2*r + 202 = 0, -3*m - 4*r = -v*m + 210. Is m a composite number?
False
Let f be (-1898)/2 + -4 - 1. Is (-4 + f)*(2/2)/(-2) a prime number?
True
Suppose p = -5*v + 8897, -6*p + p - v = -44437. Is p a composite number?
False
Let x(c) = -2*c**3 - 12*c**2 - c - 2. Let v(l) = -l**3 - 12*l**2 - 1. Let a(t) = -3*v(t) + 2*x(t). Let o be a(7). Is ((-5)/5)/((-2)/o) prime?
False
Let c(q) = -267 - 119 - q**3 + 2*q - 2*q. Let d be c(0). Let k = -259 - d. Is k prime?
True
Suppose -5*w - 80 - 85 = 0. Let a = w - -35. Suppose 172 = f - 3*o, -a*f + 5*o = o - 338. Is f composite?
False
Let j(b) = -5*b + 78. Let f be j(15). Is 0/f + 6628/(-12)*-3 composite?
False
Let j = 23 + -21. Suppose -4*f = -8*f. Suppose -j*w + 46 = -f*w. Is w a prime number?
True
Let u(n) = -n**2 + 17*n + 23. Let w be u(18). Suppose -k + 3846 = w*k. Is k a prime number?
True
Suppose -3*s + 6977 = 3*b + 2*s, 5*b = -5*s + 11645. Suppose -5*w + 581 + b = 0. Is w a composite number?
True
Suppose -2*k + 7 = -485. Let u = 17 + k. Is u prime?
True
Let f(j) = j**2 + 8*j - 4. Let w be f(-3). Is (42 + 1)/(w/(-437)) composite?
True
Let p(n) = 4*n**2 - 8*n - 33. Is p(-17) composite?
False
Suppose -3*k = 17*x - 18*x + 102, -424 = -4*x - 4*k. Let o(c) = 9*c**3 + 5*c**2 - 4*c. Let r be o(3). Suppose 0 = -3*d + x + r. Is d a prime number?
True
Is (-19410)/20*8/(-12) a prime number?
True
Suppose -4*q + 4*p + 568 = 0, 0*q - 3*p = -2*q + 287. Suppose -n + 4*w + 66 = 0, -2*w - 379 = -5*n - q. Is n a composite number?
True
Let x = 2515 + 502. Is x prime?
False
Let c(k) = 2*k**2 - 2*k. Let t be c(2). Suppose 4*n = t, 0*r + r + n = 4. Suppose 2*b + 271 = r*b. Is b a prime number?
True
Let w(r) = 2*r + 1. Let o be w(1). Let f be o + -27*1 + -2. Is 24/(-156) + (-2526)/f a prime number?
True
Suppose 229388 = -545*u + 549*u. Is u a prime number?
True
Let j = -20748 - -47402. Is j composite?
True
Let h = -32 - -34. Suppose -4*z + 5*w + 4987 = 0, -h*z + 3*w = -1496 - 999. Is z a composite number?
True
Let n(t) = -t**2 - 2*t + 398. Let b(v) = -v**3 + 2*v**2 + 2*v + 3. Let a be b(3). Is n(a) prime?
False
Let c(y) = 52*y + 1. Let u(o) = -5*o**2 + 22*o - 3. Let w(l) = 3*l**2 - 15*l + 2. Let b(h) = 5*u(h) + 8*w(h). Let r be b(-10). Is c(r) a composite number?
False
Suppose -4*m - a = -0*m - 13, -5*a = -5*m + 35. Suppose -m*w + i + 1201 = 257, -3*i = 3*w - 693. Is w prime?
False
Let y(b) = 102*b**2 + 30*b + 295. Is y(-9) a prime number?
True
Suppose 26712 = 3*c - 3*d, 14*c - d = 10*c + 35601. Is c a prime number?
False
Suppose b - 1392 = -b. Let f = b + -1205. Let j = f + 840. Is j prime?
True
Let u(n) = -4003*n + 72. I